l = 4*z + l - 36, 5*l + 25 = 0. Suppose -5*s + 3*s + z = -3*t, 0 = 4*s - 2*t - 28. What is the tens digit of ((-3)/(-2))/(s/98)?
2
Let t be -2*(-1)/((-8)/(-12)). Let r = 5 - t. Suppose 0 = -4*i + v + 84 + 22, -139 = -5*i - r*v. What is the units digit of i?
7
Let i = -271 - -2813. What is the hundreds digit of i?
5
Let x(t) = 75*t**3 - 5*t**2 + 4*t - 3. Let o(v) = v**3 - v**2 + v - 1. Let k(i) = 4*o(i) - x(i). What is the units digit of k(-1)?
1
Let x(w) = 28*w**2 - w - 4. Let a be (-6)/(-2)*((-16)/6)/4. What is the tens digit of x(a)?
1
Let a = -15 - -17. Suppose -3*k = -d - 400, -2*k - a*k = 5*d - 565. What is the tens digit of k?
3
Let y(q) = q**2 - 20*q - 65. Suppose 2*l = 6*l + 36. What is the hundreds digit of y(l)?
1
Let i be (-1 + (-760)/25)*-5. Suppose -1159 = -14*c + i. What is the units digit of c?
4
Let v = -288 + 301. What is the tens digit of v?
1
Suppose -12*r + 11*r - 3*j + 819 = 0, -5*r = 3*j - 4071. What is the tens digit of r?
1
Suppose -2*d = -25 + 13. What is the units digit of d/(-18) + 157/3?
2
Let i(g) = 35*g**2 + 7*g + 5. Let b(c) = 52*c**2 + 10*c + 7. Let l(n) = 5*b(n) - 7*i(n). What is the tens digit of l(-1)?
1
Let s(h) = 2*h**3 - 2*h**2 - 2*h + 1. What is the units digit of s(4)?
9
Let w(z) = 5*z**2 - 3*z + 4. Let l be w(2). Let s(q) = q**3 - 19*q**2 + 20*q + 22. What is the units digit of s(l)?
8
Suppose -178 - 407 = 5*x. Let r = x + 347. What is the tens digit of r?
3
Let a = 2100 - 1523. What is the units digit of a?
7
Let c be (-8)/(-2)*4*5/16. Suppose 4*y = 20, c*o - 238 = 5*y + 47. What is the units digit of o?
2
Let x = -209 + 220. What is the units digit of x?
1
Suppose -3*m = -0*m - 9. Suppose -4*b - v + 1278 = -2*v, -b = -m*v - 314. Suppose -11*k + 16*k - b = 0. What is the tens digit of k?
6
Suppose o - u + 50 = -4*u, -4*u - 4 = 0. Suppose -5*k + 3*k + 3*y - 44 = 0, -3*k - 2*y - 53 = 0. Let p = k - o. What is the tens digit of p?
2
Let t(f) = -21 - 98*f + 62 + 97*f. What is the units digit of t(0)?
1
Let q be 47*(2 - 1) + 3. Suppose -4*s - 6*v + 68 = -2*v, 4*s = 2*v + q. Let k = s + -11. What is the units digit of k?
3
Let r = 47 - 53. Let g(v) = -v**3 - 2*v**2 + 5*v + 22. What is the units digit of g(r)?
6
Let i(u) = 9*u - 126. Let y be i(14). Let p(o) = 19*o**2 - 5*o + 3. Let v be p(4). Suppose 4*q = -c - 0*c + v, 3*q + 2*c - 219 = y. What is the tens digit of q?
7
Let a = 13 - 8. Suppose -a = -s - 3*w + 4, w - 8 = -2*s. Suppose s*g - 4 = -b - 1, 0 = 5*b - 2*g - 49. What is the units digit of b?
9
Let w = -1363 - -2117. What is the hundreds digit of w?
7
Let c(u) = -2*u + 4. Suppose 4*b = -4*i + 20, -3*i - 4 = 4*b - 21. Let t be c(b). Suppose t = -h - 11 + 35. What is the tens digit of h?
2
Let a(l) = 3*l**3 - 3*l**2 - 7*l + 37. What is the hundreds digit of a(4)?
1
Let d be (-213)/2*(-6)/9. Suppose -i + 49 = -2*i + 5*f, -f - 43 = i. Let j = i + d. What is the tens digit of j?
2
Let z be (-37 + 3)*((-33)/6 - -4). Suppose 0 = 7*r - 208 - z. What is the tens digit of r?
3
Let m(w) be the first derivative of 13*w**3/3 + 3*w**2/2 + 6*w - 8. What is the units digit of m(-2)?
2
Let r = -17 - -59. Let u = r - 96. Let z = 77 + u. What is the units digit of z?
3
Let t be (-8)/2 + 322 + 3. Suppose t = 7*p - 337. What is the tens digit of p?
9
Let x = 4 - 13. Let h be -3 - 4*x/(-12). What is the tens digit of (9 - 6)*(-58)/h?
2
Suppose 354*c - 348*c - 10944 = 0. What is the units digit of c?
4
Suppose 0 = 7*m - 5*m. Suppose -z - i + 0 + 1 = 0, m = 3*i + 9. Suppose 11 = -z*w + 39. What is the units digit of w?
7
Let c = 171 + -58. Let t be (0 + 1)*159 - 0. Let v = t - c. What is the units digit of v?
6
What is the units digit of ((-27)/81)/(3/(-10296))?
4
Let o = 137 - 75. Suppose 5*j + o = -53. Let w = 30 + j. What is the units digit of w?
7
Let d = -825 + 1037. What is the tens digit of d?
1
Let w(l) = 3*l + 20. Let x be w(-7). Let r(a) = -20*a**3 - a**2. Let h be r(x). Let i = h + -14. What is the units digit of i?
5
Suppose -4*o + 8282 = 5*p, -17*p - 3302 = -19*p + 2*o. What is the tens digit of p?
5
Suppose -2*s + 14 = -a + 5*a, -3*a + 12 = 2*s. What is the tens digit of (140/7)/((2 + 1)/s)?
2
Let w(t) = -t**3 + t**2 - t - 9. Let d be w(0). Let k = 49 + d. Let p = k + -16. What is the units digit of p?
4
Let s be 1 + -1 + (-3 - -232). Suppose s - 937 = -4*q. Suppose -18 + q = 3*b. What is the tens digit of b?
5
Let w be (-9 - -1 - -24)*(-10)/8. What is the tens digit of -67*30/w*(-8)/(-6)?
3
Let r be (3 + 1)*3/(24/326). Let g be ((-3)/4)/(1/(-4)). Suppose -g*y + 159 = y - 5*d, 4*y - r = d. What is the units digit of y?
1
Let g = -1286 + 1848. What is the hundreds digit of g?
5
Let n(u) = -u + 11. Let l be n(6). Suppose -7 = -4*t - s, -8 = -l*s + 7. Suppose -t = 4*v - 13. What is the units digit of v?
3
Suppose -3053 = -7*p - 274. What is the units digit of p?
7
Let t = 366 - 164. What is the hundreds digit of t?
2
Suppose 0 = 2*r + y - 2 + 10, 4*r = 4*y - 28. Let c(w) = -2*w**2 - 9*w**3 + 8*w**3 - 2*w**2 - 6. What is the tens digit of c(r)?
1
Suppose 0 = 8*b - 2*b + 12. Let m be (b - -1) + 4 + 0. Suppose 9 = 3*a - m*p, p + 2*p + 4 = -2*a. What is the units digit of a?
1
Suppose -13*t + 10*t + 9 = 0. What is the tens digit of (-3 - -2)/(t - 410/136)?
6
Let s = 6 - 4. Suppose 10 = 2*i + 2*c, -i + 3*c = s - 3. Suppose 0*d = 4*d + i*g - 136, 3*g = -d + 38. What is the units digit of d?
2
Let c = -1071 - -1395. What is the units digit of c?
4
Suppose -3*i - 13 = -5*w, w - 4*w - 2*i = -4. Suppose 0 = m - w. Suppose m*k = -3*s + 13, -2*k + 10 = 5*s - 9. What is the units digit of s?
3
Let d(q) = 40*q + 12. Let b = 24 + -22. What is the units digit of d(b)?
2
Let d = 90 - 155. Let m = d - -87. What is the tens digit of m?
2
Suppose -2*w = -5*o - 19, 2*o + 5*w - 10 = 7*o. Let k(c) be the second derivative of -c**3 - 3*c**2/2 + 18*c. What is the units digit of k(o)?
7
Let z(i) = 1356*i**3 + 3*i + 5 + 2*i**2 + 0 - 1387*i**3. What is the tens digit of z(-2)?
5
Suppose 7*r - 10*r = -21. Suppose -375 = 2*f - r*f. What is the units digit of f?
5
Let p be (12/30)/(3/(-30)). What is the tens digit of (-184)/p*(-3)/(-2)?
6
Suppose 8 = -5*b + 3*c, b - 5*c = 6 + 10. Let d be -1 + 2 + -3 - b. Suppose z + d*z - x = 41, 3*x = -4*z + 59. What is the tens digit of z?
1
Let q = -10 - -15. Suppose 2*d + 5*r + 11 = 0, -q*r = -3*d + 20 + 1. Suppose -20 = -d*v + 44. What is the tens digit of v?
3
Suppose -b + 5*m = -34, 2*b + 5*m + 4 = -3. Let y = b + -5. Suppose -3*i + 8*i - 3*u = 70, 65 = 5*i - y*u. What is the tens digit of i?
1
Let v be 2 - 2 - (-2 - 2). Suppose 2*r = -2*k + 6, -v*k - 3 = -3*r - k. Suppose -48 = -r*w + 5*s, 2*w - s = -0*w + 48. What is the tens digit of w?
2
Let h(x) = x**3 + x**2 - x + 1. Let q be h(1). Suppose 4*g + 4*a = 1064, 3*a - 1326 = -q*g - 3*g. What is the units digit of g?
4
Let f = -16 + 28. Let d = f + -12. Suppose 117 = -d*u + 3*u. What is the units digit of u?
9
Suppose -72*n = -5*u - 77*n + 5055, 2*u = -5*n + 2013. What is the units digit of u?
4
Let g = -1085 + 1797. What is the hundreds digit of g?
7
Let h(k) = 16*k**2 - 4*k - 3. Let f be h(-2). Let a = f - 49. Suppose -a = -3*l - l. What is the units digit of l?
5
Suppose 5*i = h + 17, 2*i - 20 = -9*h + 5*h. Suppose 220 = i*f + l, 55 = 3*f - 2*f + 2*l. What is the tens digit of f?
5
Let v = -161 - -284. Suppose 4*h = -45 - v. What is the units digit of (-2)/((3/1)/h)?
8
Let b(g) = -g + 19. Let u = -5 + 15. What is the units digit of b(u)?
9
Suppose -5*o + 3*t = -104, -o + 3*t + 9 + 7 = 0. Suppose 2 = x - o. What is the tens digit of x?
2
Let b = 29 - 26. Suppose b*q + 0*n - 962 = -n, 0 = -3*q + 3*n + 954. What is the hundreds digit of q?
3
Let g = -16 + 68. Suppose -g = 5*i - 3*d, -2*d = -i - 9 - 0. Let j(t) = -3*t - 6. What is the tens digit of j(i)?
2
Let i(f) = -5*f**3 - 9*f**2 - 93*f + 14. What is the hundreds digit of i(-10)?
0
Let v(p) = p**2 - 24*p - 6. What is the units digit of v(-16)?
4
Let r be ((2 - -2) + -4)/(-1). Suppose 102 = 6*y - r*y. What is the tens digit of y?
1
Let m = -104 - -106. Suppose u = 3*p + 125, 7*u = m*u - 4*p + 644. What is the hundreds digit of u?
1
Let t = 699 - 350. Let m = t + -220. What is the units digit of m?
9
Let g(q) be the first derivative of q**4/4 + 8*q**3/3 - 11*q**2/2 - 6*q - 10. Let r be g(-9). Wh